{"id":575,"date":"2021-11-22T18:46:03","date_gmt":"2021-11-22T18:46:03","guid":{"rendered":"https:\/\/blogs.profeangie.info\/petorcasostenible\/?page_id=575"},"modified":"2021-11-22T19:24:36","modified_gmt":"2021-11-22T19:24:36","slug":"sobre-nosotros","status":"publish","type":"page","link":"https:\/\/blogs.profeangie.info\/petorcasostenible\/sobre-nosotros\/","title":{"rendered":"Sobre nosotros"},"content":{"rendered":"\t\t<div data-elementor-type=\"wp-page\" data-elementor-id=\"575\" class=\"elementor elementor-575\" data-elementor-settings=\"[]\">\n\t\t\t\t\t\t<div class=\"elementor-inner\">\n\t\t\t\t\t\t\t<div class=\"elementor-section-wrap\">\n\t\t\t\t\t\t\t<section class=\"elementor-section elementor-top-section elementor-element elementor-element-50d69f0 elementor-section-boxed elementor-section-height-default elementor-section-height-default\" data-id=\"50d69f0\" data-element_type=\"section\">\n\t\t\t\t\t\t<div class=\"elementor-container elementor-column-gap-default\">\n\t\t\t\t\t\t\t<div class=\"elementor-row\">\n\t\t\t\t\t<div class=\"elementor-column elementor-col-100 elementor-top-column elementor-element elementor-element-4423f32\" data-id=\"4423f32\" data-element_type=\"column\">\n\t\t\t<div class=\"elementor-column-wrap elementor-element-populated\">\n\t\t\t\t\t\t\t<div class=\"elementor-widget-wrap\">\n\t\t\t\t\t\t<div class=\"elementor-element elementor-element-ae8e3b7 elementor-drop-cap-yes elementor-drop-cap-view-default elementor-widget elementor-widget-text-editor\" data-id=\"ae8e3b7\" data-element_type=\"widget\" data-settings=\"{&quot;drop_cap&quot;:&quot;yes&quot;}\" data-widget_type=\"text-editor.default\">\n\t\t\t\t<div class=\"elementor-widget-container\">\n\t\t\t\t\t<div class=\"elementor-text-editor elementor-clearfix\"><p>Somos un grupo de j\u00f3venes con el objetivo de difundir informaci\u00f3n sobre la situaci\u00f3n h\u00eddrica y medioambiental de Petorca. Es por esto que, a trav\u00e9s de una p\u00e1gina web daremos a conocer noticias sobre la localidad adem\u00e1s de una serie de propuestas para lograr una agricultura sostenible en la ambientes \u00e1ridos y semi\u00e1ridos.<\/p><\/div>\n\t\t\t\t<\/div>\n\t\t\t\t<\/div>\n\t\t\t\t\t\t<\/div>\n\t\t\t\t\t<\/div>\n\t\t<\/div>\n\t\t\t\t\t\t\t\t<\/div>\n\t\t\t\t\t<\/div>\n\t\t<\/section>\n\t\t\t\t<section class=\"elementor-section elementor-top-section elementor-element elementor-element-171f265 elementor-section-boxed elementor-section-height-default elementor-section-height-default\" data-id=\"171f265\" data-element_type=\"section\">\n\t\t\t\t\t\t<div class=\"elementor-container elementor-column-gap-default\">\n\t\t\t\t\t\t\t<div class=\"elementor-row\">\n\t\t\t\t\t<div class=\"elementor-column elementor-col-100 elementor-top-column elementor-element elementor-element-877147b\" data-id=\"877147b\" data-element_type=\"column\">\n\t\t\t<div class=\"elementor-column-wrap elementor-element-populated\">\n\t\t\t\t\t\t\t<div class=\"elementor-widget-wrap\">\n\t\t\t\t\t\t<div class=\"elementor-element elementor-element-4f942fb elementor-widget elementor-widget-image\" data-id=\"4f942fb\" data-element_type=\"widget\" data-widget_type=\"image.default\">\n\t\t\t\t<div class=\"elementor-widget-container\">\n\t\t\t\t\t<div class=\"elementor-image\">\n\t\t\t\t\t\t\t\t\t\t<img width=\"640\" height=\"323\" src=\"https:\/\/blogs.profeangie.info\/petorcasostenible\/wp-content\/uploads\/sites\/26\/2021\/11\/GettyImages-1214243583.jpg\" class=\"attachment-large size-large\" alt=\"\" loading=\"lazy\" srcset=\"https:\/\/blogs.profeangie.info\/petorcasostenible\/wp-content\/uploads\/sites\/26\/2021\/11\/GettyImages-1214243583.jpg 833w, https:\/\/blogs.profeangie.info\/petorcasostenible\/wp-content\/uploads\/sites\/26\/2021\/11\/GettyImages-1214243583-300x151.jpg 300w, https:\/\/blogs.profeangie.info\/petorcasostenible\/wp-content\/uploads\/sites\/26\/2021\/11\/GettyImages-1214243583-768x387.jpg 768w\" sizes=\"(max-width: 640px) 100vw, 640px\" \/>\t\t\t\t\t\t\t\t\t\t\t<\/div>\n\t\t\t\t<\/div>\n\t\t\t\t<\/div>\n\t\t\t\t\t\t<\/div>\n\t\t\t\t\t<\/div>\n\t\t<\/div>\n\t\t\t\t\t\t\t\t<\/div>\n\t\t\t\t\t<\/div>\n\t\t<\/section>\n\t\t\t\t\t\t<\/div>\n\t\t\t\t\t\t<\/div>\n\t\t\t\t\t<\/div>\n\t\t","protected":false},"excerpt":{"rendered":"<p>Somos un grupo de j\u00f3venes con el objetivo de difundir informaci\u00f3n sobre la situaci\u00f3n h\u00eddrica y medioambiental de Petorca. Es por esto que, a trav\u00e9s de una p\u00e1gina web daremos a conocer noticias sobre la localidad adem\u00e1s de una serie de propuestas para lograr una agricultura sostenible en la ambientes \u00e1ridos y semi\u00e1ridos.<\/p>\n","protected":false},"author":100,"featured_media":0,"parent":0,"menu_order":0,"comment_status":"closed","ping_status":"closed","template":"","meta":{"ngg_post_thumbnail":0},"_links":{"self":[{"href":"https:\/\/blogs.profeangie.info\/petorcasostenible\/wp-json\/wp\/v2\/pages\/575"}],"collection":[{"href":"https:\/\/blogs.profeangie.info\/petorcasostenible\/wp-json\/wp\/v2\/pages"}],"about":[{"href":"https:\/\/blogs.profeangie.info\/petorcasostenible\/wp-json\/wp\/v2\/types\/page"}],"author":[{"embeddable":true,"href":"https:\/\/blogs.profeangie.info\/petorcasostenible\/wp-json\/wp\/v2\/users\/100"}],"replies":[{"embeddable":true,"href":"https:\/\/blogs.profeangie.info\/petorcasostenible\/wp-json\/wp\/v2\/comments?post=575"}],"version-history":[{"count":8,"href":"https:\/\/blogs.profeangie.info\/petorcasostenible\/wp-json\/wp\/v2\/pages\/575\/revisions"}],"predecessor-version":[{"id":624,"href":"https:\/\/blogs.profeangie.info\/petorcasostenible\/wp-json\/wp\/v2\/pages\/575\/revisions\/624"}],"wp:attachment":[{"href":"https:\/\/blogs.profeangie.info\/petorcasostenible\/wp-json\/wp\/v2\/media?parent=575"}],"curies":[{"name":"wp","href":"https:\/\/api.w.org\/{rel}","templated":true}]}}